1 + 3)) + (12 - 22).
0
What is the value of (-9 - -16) + (-14 - -3) - -2?
-2
Evaluate 11 - (-37 + 25 - (8 - 36)).
-5
What is the value of (18 + -33 - -25) + -22?
-12
-171 - -180 - (1 + 0)
8
Calculate (-1 + 13 - (4 + -2)) + -2 - 27.
-19
6 + 5 + -24 + -10 - -7
-16
Calculate (2 - (5 + (-5 - 1))) + -12.
-9
Calculate (43 - 34) + -25 - 10.
-26
Calculate -7 + (-13 - -4) - -2.
-14
What is the value of -33 + -3 + -11 - -9?
-38
-4 - (1 + -4 + -7)
6
Calculate -13 + 5 + 10 + 3.
5
What is -11 + 3 - (3 - 8)?
-3
Calculate -11 - -11 - (0 + (-2 + -2 - 5)).
9
Calculate (1 - -27) + (26 - (30 - -4)).
20
Calculate (-2 - 2) + 2 + -13 + (17 - 6).
-4
Evaluate -12 - (1 + (7 - 17) + 15 - -7).
-25
Evaluate -34 + (-16 - 2 - -8 - (-12 + -2)).
-30
-4 + 1 + (-4 - -12) + 11
16
Calculate -2 - (0 + 25 + -39 + 8 + 33).
-29
What is (-3 - -11) + -8 + 0 - 16?
-16
What is the value of -8 + 3 - (-1 - -22 - (-52 + 42))?
-36
What is the value of 4 + -2 + (-12 - -8 - -8)?
6
Evaluate -7 + -4 + (-6 - -4).
-13
-3 - (-1 + 2) - (0 - -4 - -4)
-12
Evaluate (0 - (-13 + 18)) + -17 + 4.
-18
What is the value of -27 - (-6 + -5 - (2 - 3))?
-17
Calculate 20 + -4 + -21 - (-5 - 1).
1
What is the value of -20 + (31 - (29 - 15))?
-3
Evaluate 1 + -19 + (44 - 37) - (-41 - 4).
34
What is 40 - (16 - (21 - 25))?
20
What is -14 + 4 + 0 - -15?
5
Evaluate 28 + (-21 - 11) - -1.
-3
What is 10 + (12 - 20) + -2?
0
Calculate -13 + -1 + -82 + 87.
-9
8 + -27 - (6 + -46)
21
-13 - (-12 - 6 - -4)
1
What is (1 - (39 - 3)) + -203 + 209?
-29
Evaluate -20 - (-32 + -36 - (-10 - 1)).
37
What is the value of (40 - 32 - (1 + -1)) + -1 + 9?
16
What is -2 + 7 + (-12 + 38 - 22)?
9
-6 + (0 - -1) + -1 - (-21 + -1)
16
What is the value of (16 - -13) + -11 + -30?
-12
What is -387 + 388 - (-22 + 2)?
21
Evaluate -2 + 3 + 15 + 8 + 0.
24
Evaluate (8 - (9 + -12)) + 14 + -4.
21
Evaluate (-2245 - -2250) + (0 - (4 + -2 - 20)).
23
Evaluate 2 + (-3 + (5 + 3 - 14) - -3).
-4
(-6 - -17) + (31 - 53)
-11
Calculate (-60 - (0 - 15)) + 23.
-22
Calculate -8 - 1 - (-193 - -196) - (-25 + 1).
12
14 - ((0 - 2) + 4 + -3)
15
10 + (-6 - -7) - 4
7
Evaluate -15 - (3 + -8 + -8).
-2
Evaluate -6 - -8 - (2 + -1 + 1) - 5.
-5
What is -23 + -7 + 8 + 12?
-10
Calculate (-2 - -4) + 1 + -31 - (-46 - -45).
-27
What is 9 + 11 + -3 + -3 - (19 - 11)?
6
Evaluate 17 + (-16 + 23 - 8).
16
Evaluate (18 - (-6 - -10)) + -10 + 0.
4
-43 + 29 + 28 + -32
-18
What is the value of (-47 - -69) + (-2 - -1) + -10?
11
Evaluate 14 + 0 + 0 - (-6 + 12) - 7.
1
What is -4 + -14 - (-2 + -30)?
14
What is the value of 4 - (5 + (-15 - -32))?
-18
14 + -5 - (-2 + 1) - 13
-3
(2 - 6) + (3 - 7 - (23 - 32))
1
What is the value of 0 - -18 - (37 - 58 - -32)?
7
Calculate (7 - -27) + -26 + (-5 - -1) + -12.
-8
What is 17 + 1 - (-245 - -254)?
9
Calculate 7 + (-9 - (-2 + 14)) + 11.
-3
Evaluate (-5 - (26 - (-30 - -53))) + -1 + 13.
4
What is the value of (-2 - -1 - 1 - (-255 + 225)) + -7?
21
Evaluate -11 + (11 - (-9 + 7)).
2
9 + 0 - (345 + -336)
0
Evaluate (23 - (-26 - -88)) + 7.
-32
What is the value of -6 + (12 - 10) - -5?
1
What is the value of -12 - (5 + -13) - 8?
-12
-4 + -1 + 11 + 2 + 3
11
Evaluate -27 + 5 - -14 - (7 - (0 + 0)).
-15
1 + -8 + 3 + (-5 + 5 - 5)
-9
Calculate -15 + (-5 - (-7 + (-4 - -1))).
-10
What is the value of (5 + -2 - (-33 - -35)) + -4?
-3
What is -183 + 186 - (-5 + 3 + (-9 - -1))?
13
Calculate (-13 - 5 - 3) + 16.
-5
What is 4 - (-20 + (3 - (2 - 6)))?
17
Evaluate -1 + 1 + -108 + 101.
-7
12 + -21 + (-1 - 15) + -4 + 1
-28
Calculate -35 + 35 + (5 - (-1 - (-1 + 12))).
17
Calculate (1 - 8) + -1 + (-7 - -14).
-1
What is the value of 22 - (-4 - (9 - 47))?
-12
Calculate -2 + (-1 - 3 - (-2 - 9)) + 5.
10
(-10 - (-9 + (5 - 0))) + -6
-12
Evaluate (-1 + -1 - -2) + (25 - 34) + 18.
9
Evaluate 4 + (-1 + -2 + 3 - (6 + -7)).
5
Evaluate (50 - (20 + 6)) + -19.
5
254 + -245 + (-11 - -1)
-1
What is -1 + -13 + -94 + 95?
-13
What is the value of 1 + -8 - (-42 + 29 - 3)?
9
Calculate 2 - 17 - (-11 + 13 + -10).
-7
Calculate 1 - ((-10 - -15) + -20).
16
What is 9 - (1 + -13) - 15?
6
What is 12 + 3 + -7 - 20 - -1?
-11
Calculate (-19 - -23) + -2 + -7.
-5
What is the value of 23 - (16 + -14) - 17?
4
Evaluate -25 + (-3 - -3 - 4 - -4).
-25
Calculate 10 + -12 - (-7 + -17 + 0 + -3).
25
What is (-19 - -40) + -19 + (0 - -23) - -2?
27
What is the value of -3 + (9 - (5 - (-1 + 5))) + 5?
10
What is the value of -1 + -2 - (53 - 51)?
-5
Evaluate -661 - -663 - (-1 + 19).
-16
What is the value of (82 - 56) + (-27 - -5)?
4
(14 + -15 - (-1 + -1 - 1)) + 5
7
Evaluate -6 + (30 - -2) + -26.
0
-6 - (29 + 10 - 37)
-8
Calculate 7 + 0 + -10 + (-2 - -3).
-2
(12 - 2 - 20) + (-4 - 0 - -35)
21
Evaluate 1 + (-15 + -7 - -20).
-1
(-7 - 1) + -78 + 104 + -8 - 6
4
Evaluate (7 - 4) + -2 - (1 + 5 + 2).
-7
What is the value of (10 - 18 - 2) + -3 + -1?
-14
Calculate 0 - -11 - (11 + (-9 - (4 - 5))).
8
What is 1 + (0 - -5) + (-3 - (-18 - -5))?
16
Evaluate -22 + 25 + (-1 - 4) - 1 - 2.
-5
What is (1 + -4 - (-10 + 0 + 11)) + -10?
-14
Calculate -3 + -1 + -7 + -4 + 10 + -5.
-10
29 - 48 - (26 - (-5 - -11))
-39
What is 8 + -22 + 6 + -1 + (17 - 43)?
-35
(5 - -8 - 25 - -3) + -7
-16
Evaluate -13 + -6 + -6 + 7 + (2 - -4).
-12
What is (-16 - (18 + -41)) + -10 + 0?
-3
What is the value of 7 + (3 - ((-6 - 3) + 5))?
14
What is 8 + -10 + -1 + 7 + 16?
20
Calculate -2 + (9 - (-6 + 7) - 2).
4
What is the value of (7 - 5) + -5 + 0 + -8?
-11
(-11 - 33) + 17 + (0 - 3)
-30
Calculate -15 - (16 - 18) - -10.
-3
What is (4 - -10) + 3 + -1 + 41 + -45?
12
Calculate -1 - (1 - 10) - (-26 + 33).
1
What is the value of -2 + 0 + 283 + -262?
19
-1 - -2 - (-10 - (-17 - -7))
1
Calculate 274 + -276 + (-1 - -1) + -4 - 2.
-8
What is the value of (-7 + 0 - -1) + -9 + (69 - 63)?
-9
What is -1 + 1 - (-156 - -149)?
7
(-64 - -30) + 29 - (1 + 2)
-8
Calculate (0 - (-4 - 4 - (8 + -11))) + 11.
16
What is 63 + (5 - 38) + -25?
5
Calculate 5 + (-3 - 8 - -29) + 3 - 8.
18
Evaluate -32 + 27 - 1 - -22.
16
Evaluate 6 + 14 + -23 - (2 - (-1 - -6)).
0
What is the value of -12 + (-3 - -10 - (-10 - (12 + -24)))?
-7
Evaluate (11 - 3 - (-10 + (-8 - -8))) + 9.
27
Evaluate (-6 - 1 - -4) + (-46 - -36).
-13
Evaluate -3 + (0 - (0 - (-3 - -9 - 9))).
-6
What is -3 + 6 + (-17 - (0 + 6 + -9))?
-11
What is 9 - ((12 - (43 + -12)) + 3)?
25
Calculate -5 + -5 - (-11 - 2).
3
-42 - (-35 + 9 + -11)
-5
What is -23 + 6 + -4 - (6 - 16)?
-11
What is the value of (0 + 8 - -2) + 6 + (-2 - 6)?
8
Evaluate 8 + (-36 - (-23 + -4 + 8)).
-9
Calculate -1 + -2 - (-1 - (24 + -15)).
7
Calculate 1 - (1 + 1 - -5) - (18 - 9).
-15
What is the value of -8 + (-6 - 0) + 4 + 4 + -9?
-15
(31 - (25 + -14)) + -10 - (0 + 6)
4
What is the value of 12 - (-2 + (30 + -2 - -16))?
-30
What is 1 + (8 - 1) + -227 + 220 - 26?
-25
Evaluate 18 - (-3 - (-28 - -15)).
8
What is the value of -1 + -4 + -1 - (-2 + 8 - 6)?
-6
Calculate 3 + (-23 + 15 - -3) - -28.
26
What is the value of (2 - -6) + (-6 - (3 + 0)) + 16?
15
What is the value of -11 + -8 + 17 - -18?
16
What is (90 - 91) + 2 + 0?
1
Calculate -20 + (-7 - -11) + 4.
-12
What is (24 - -1) + (-70 - (-34 - 41))?
30
What is the value of 13 + ((4 - 0) + -3 - (20 + -21))?
15
What is the value of -29 + (25 - 3) + 18?
11
What is the value of -2 + -1 - (0 - (16 + 6) - -9)?
10
What is -1 + 7 + -10 + -6?
-10
What is the value of 4 - 2 - -1 - (-7 - (15 + -5))?
20
Evaluate -22 + 1 + 0 + 10 + -3 + 3.
-11
Evaluate 4 + (8 - (19 + 9) - (-2 - -5)).
-19
What is 52 + -63 - (2 - 0)?
-13
Evaluate 5 + -15 + 31 + -4.
17
11 + (0 - 11 - (-16 + -11 + 10))
17
What is the value of -18 - (-67 - -82 - (15 - 2))?
-20
Calculate (43 + -1 - -2) + -29.
15
What is the value of -566 + 603 - (1 - -23)?
13
Evaluate 45 + -22 + -3 + 11.
31
Calculate (2 - 9) + (2 + -1 - (12 - 5)).
-13
(-3 - 0) + (26 - 24) - -4
3
Calculate 37 - (-31 - -8 - -48).
12
-49 + 59 - (1 - -7)
2
Evaluate 84 + -54 + -5 + 0.
25
Calculate 5 - 17 - 19 - -60.
29
-117 + 124 + (2 - 24 - (0 - -1))
-16
Evaluate 1 - ((-351 - -309) + (0 - -14)).
29
What is (13 - 5) + 23 + -41?
-10
What is the value of (16 - 3) + -14 + (-3 - 1) - 0?
-5
What is (-8 - 1) + (2 + 1 - 0)?
-6
What is 1637 + -1617 - (-1 - -29)?
-8
Evaluate -3 - (25 + (-1 - 0)) - (-372 - -373).
-28
What is the value of 2 + -1 + (6 - 2) - -7?
12
-19 + 1 + 296 + -283
-5
10 + -12 + -2 + 2
-2
What is the value of -36 + 30 + (5 - (1 - -12))?
-14
What i